3204?
-121113212
In base 10, what is -2635 - 174094?
-176729
In base 11, what is -4320 + a53?
-3378
In base 11, what is 3 - -648470?
648473
In base 12, what is -46 + 1429421?
1429397
In base 11, what is -16697 - 1255?
-17941
In base 15, what is -6de - -1110?
921
In base 14, what is -3 + -b0059c9?
-b0059cc
In base 3, what is -20120 - 112122112101?
-112122202221
In base 14, what is -10d7c3d7 - -5?
-10d7c3d2
In base 2, what is -11011101010 - -1000111010?
-10010110000
In base 4, what is -2230 - 30123211321?
-30123220211
In base 2, what is 10000 + 11100100001101111100?
11100100001110001100
In base 13, what is 4 + 8695984?
8695988
In base 9, what is 1 - 5712724?
-5712723
In base 8, what is -745561 + 475?
-745064
In base 12, what is 0 - 259b0b03?
-259b0b03
In base 5, what is 1 + -14412121114?
-14412121113
In base 13, what is -578a0 + -11?
-578b1
In base 7, what is 5 - 2162336224?
-2162336216
In base 3, what is -100021120200 - -201?
-100021112222
In base 4, what is 110233121322 - -12?
110233122000
In base 15, what is 15b26 + 3d1?
16007
In base 14, what is -5 + 1228a7?
1228a2
In base 2, what is 110110 - -1011001001100000?
1011001010010110
In base 12, what is 58855b - -91?
588630
In base 15, what is -53212d + -2?
-532130
In base 8, what is 1151 + 1213157?
1214330
In base 14, what is b04 - d30?
-22a
In base 7, what is -336 + 502316?
501650
In base 8, what is 117075 - -45337?
164434
In base 11, what is -53 + 459018a?
4590137
In base 11, what is -4337856 + -65?
-4337910
In base 6, what is 5 + -4235400034?
-4235400025
In base 3, what is -2 - 21001000012110?
-21001000012112
In base 8, what is -126636211 - 5?
-126636216
In base 5, what is 43230144242 + -2?
43230144240
In base 4, what is 1313031 - -3032321?
11012012
In base 13, what is -27ca - -124b?
-157c
In base 14, what is -1 - -3448a2?
3448a1
In base 13, what is 40c - -2405b?
2446a
In base 7, what is -6143206 + -1?
-6143210
In base 10, what is 166427 - 513?
165914
In base 15, what is -483 - -4207?
3c74
In base 15, what is -3 - -a54b667?
a54b664
In base 8, what is -24510161 + 12?
-24510147
In base 11, what is -164a523a0 - -1?
-164a5239a
In base 8, what is 1634506 + -272?
1634214
In base 9, what is 40 - -884871?
885021
In base 9, what is 6 + -20125458?
-20125452
In base 11, what is -38a2672 - 4?
-38a2676
In base 14, what is 11 + 551324a?
551325b
In base 16, what is 367031bc - 5?
367031b7
In base 9, what is 525 - 2128807?
-2128272
In base 11, what is a729 + -26a8?
8031
In base 12, what is 1413 - 44655?
-43242
In base 9, what is 0 + -263763?
-263763
In base 12, what is -114 - 17481?
-17595
In base 9, what is -483 - 2413368?
-2413862
In base 14, what is -b5ac94 + 0?
-b5ac94
In base 4, what is -30210001102 - 110?
-30210001212
In base 13, what is -4354c + 8ac?
-42970
In base 11, what is 12290 + -5845?
7546
In base 13, what is 439627 + 1?
439628
In base 13, what is -278903 - -a?
-2788c6
In base 15, what is -17 + -b617?
-b62e
In base 7, what is 3 - -400533632?
400533635
In base 14, what is -1a51731 + -3?
-1a51734
In base 7, what is -46310 + 103352?
24042
In base 9, what is 10337344 - -2?
10337346
In base 12, what is -1901 + -9475?
-b176
In base 2, what is 1001010001 + 100111100101011011111?
100111100110100110000
In base 7, what is 101320310 - -2?
101320312
In base 11, what is -a330 + -1965?
-11195
In base 14, what is -dd70a38 + -5?
-dd70a3d
In base 6, what is 440044 + -2151?
433453
In base 6, what is 2144135 + -2052?
2142043
In base 13, what is 418506 + 25?
41852b
In base 4, what is -2 - -1203210313322?
1203210313320
In base 7, what is 51531 + -5263?
43235
In base 8, what is 712642 - 34?
712606
In base 6, what is 4 - 2131425155?
-2131425151
In base 6, what is 5534142113 + -4?
5534142105
In base 15, what is -107 + -6d38b?
-6d493
In base 13, what is 2452 - 460?
1cc2
In base 14, what is -1 + 70a338?
70a337
In base 5, what is -42 - 12142322323?
-12142322420
In base 8, what is 1161261231 + 5?
1161261236
In base 9, what is 1478 + 664021?
665510
In base 2, what is 1111100 - 1110011001101110001?
-1110011001011110101
In base 12, what is 1566b56 + -8b?
1566a87
In base 2, what is 1100 + 1100100100010111111011?
1100100100011000000111
In base 12, what is -a - -284925a?
2849250
In base 10, what is 1234 - 69758?
-68524
In base 16, what is 41afe - -20?
41b1e
In base 14, what is 7d6 + -d145?
-c74d
In base 11, what is -31577 + 39a?
-31188
In base 13, what is -43 - -b591?
b54b
In base 13, what is 0 + -6918935?
-6918935
In base 6, what is 2534 + 3311353?
3314331
In base 6, what is -1250424 + -2223?
-1253051
In base 10, what is 1 - 19194461?
-19194460
In base 14, what is -1719bbc - 1?
-1719bbd
In base 9, what is 277678 + 26?
277715
In base 11, what is 3 - 46a24a3?
-46a24a0
In base 14, what is 236 + -302?
-aa
In base 8, what is -174 + 545334?
545140
In base 2, what is 10011110111010101 - 110001010010?
10011000110000011
In base 15, what is -2 - 12152bc?
-12152be
In base 3, what is -10220110012112210 - -11?
-10220110012112122
In base 12, what is -102a38 + a?
-102a2a
In base 5, what is 221200431 - 241?
221200140
In base 5, what is -4 - 24221221342?
-24221221401
In base 6, what is 14 + -401513223?
-401513205
In base 7, what is 124226 + -66?
124130
In base 3, what is 211100102101220022 - 2?
211100102101220020
In base 9, what is 2 + -65008877?
-65008875
In base 14, what is -79536d - -6?
-795367
In base 7, what is -325241 + 25553?
-266355
In base 3, what is 10021201010012 + 12?
10021201010101
In base 8, what is 0 + -17672565?
-17672565
In base 2, what is 11000001001001011 - 11010000?
11000000101111011
In base 9, what is -617404 - 157?
-617562
In base 16, what is -4 + -47ebcef?
-47ebcf3
In base 4, what is 1013 - 332121021?
-332120002
In base 11, what is -5 + 606616?
606611
In base 15, what is 2008 + 3c5?
23cd
In base 4, what is -13022 + 12032032322?
12032013300
In base 9, what is -4 - -265360857?
265360853
In base 15, what is -1c63d7 - -36?
-1c63a1
In base 10, what is 102302 - -3450?
105752
In base 7, what is 1132336 - 1245?
1131061
In base 9, what is 4388827 - 3?
4388824
In base 10, what is 43165204 - -11?
43165215
In base 3, what is 0 + 100000020110020?
100000020110020
In base 15, what is 1dc7b8 - 53?
1dc765
In base 8, what is 75127 - 6316?
66611
In base 14, what is 9004 + c27?
9c2b
In base 5, what is -131210103001 + -2?
-131210103003
In base 16, what is 2 + -1ec61?
-1ec5f
In base 6, what is -143232045 - -3?
-143232042
In base 9, what is 46 + -247376?
-247330
In base 8, what is 14353 + 4407?
20762
In base 8, what is -5241 - -441557?
434316
In base 7, what is -61212 + 136?
-61043
In base 5, what is -3 + 224332431340?
224332431332
In base 13, what is c - -260048?
260057
In base 9, what is -47070 + 126?
-46843
In base 13, what is 23 - -1bb039?
1bb05c
In base 6, what is -4 - -131542054?
131542050
In base 7, what is 4 + -165340643?
-165340636
In base 11, what is 820794 + -99?
8206a6
In base 8, what is -263 + -161323?
-161606
In base 7, what is -241 + -2115553?
-2116124
In base 16, what is -57 + -420a0?
-420f7
In base 3, what is -110100 - 211121202121?
-211122012221
In base 14, what is -b561b + -4?
-b5621
In base 3, what is -21202 - 11110122211?
-11110221120
In base 5, what is -3 - -31234311?
31234303
In base 6, what is -214533 + -120231?
-335204
In base 9, what is -6846013 + 252?
-6845651
In base 15, what is 77 + 6418?
6490
In base 12, what is -14 - 320b519?
-320b531
In base 15, what is 12691 - -4e5?
12b86
In base 11, what is -4 + 573808?
573804
In base 13, what is 74c37 + -3cb?
74839
In base 3, what is 2 - -120000200002122?
120000200002201
In base 16, what is -2 + 330d0f?
330d0d
In base 3, what is 1101 - 2000001000222?
-2000000222121
In base 5, what is -3200 + 2400414?
2342214
In base 7, what is -131 - -221603?
221442
In base 15, what is 2 + 232819b3?
232819b5
In base 14, what is b4 - bb61b?
-bb547
In base 7, what is -5204 - -56563?
51356
In base 10, what is -33430 + 8155?
-25275
In base 5, what is -23202 + -21042334?
-21121041
In base 13, what is -1bc5 - 11815?
-1370a
In base 2, what is -11010010 - -10001100101110110111?
10001100101011100101
In base 2, what is 100100 - 110100101001010?
-110100100100110
In base 10, what is -280 - 6545?
-6825
In base 4, what is -300 - 3220123133?
-3220130033
In base 6, what is -455031 + 22053?
-432534
In base